e units digit of g?
6
Let b(h) = -h**3 - 2*h**2 - 7*h - 6. Let u be b(-4). Suppose 9*m + u = 12*m. Let r = m + 29. What is the units digit of r?
7
Let y(l) = -7*l - 1. Let g be y(-3). Suppose g - 17 = k. What is the tens digit of k - 1/1 - -74?
7
Suppose 2*y = 5*d + 19, y - 6*d + 3*d = 11. Suppose -3*l + 181 = 2*h, 5*l - 3*h - 280 = -y*h. What is the units digit of l?
7
Let n = -1440 - -4012. What is the thousands digit of n?
2
Suppose 41*s = 37*s + 1160. What is the units digit of s?
0
Suppose 2*v = -11 + 51. Suppose d = 6*d + v. Let r(k) = -10*k. What is the tens digit of r(d)?
4
Suppose z - 1142 = -2*i, -2*z + 4*i - 425 + 2749 = 0. What is the thousands digit of z?
1
Suppose -4*a + 3 = -13. Suppose 4*i - 4*p - 1027 = -i, 5*p + 827 = a*i. What is the units digit of (-1)/(-4) + i/4?
1
Suppose 0 = -14*g + 33*g - 30514. What is the thousands digit of g?
1
Let y(z) = z**2 + 4*z + 4. Let h be y(-4). Suppose 0 = -h*w - 3*g + 42, 16 + 1 = w + 4*g. What is the units digit of w?
9
Suppose 6 = 5*t - 9. Suppose 170 - 20 = 5*a. Suppose -2*g - t*g + a = 0. What is the units digit of g?
6
What is the thousands digit of (-10)/(-4)*8*(-7854)/(-55)?
2
Suppose -6*v + 7*v - 2*h = -24, 2*h = -3*v - 56. Let u be (2 + -1)*(-4 - -2). What is the tens digit of u/5 - 548/v?
2
Let p be (4/(-6))/(-5 + 670/135). Suppose -n + 9 = -12. What is the units digit of (7 - 0)*p/n?
6
Let o = -10 + 4. What is the hundreds digit of (9/o - -2)/((-11)/(-3080))?
1
Let d = 27 + -23. Let g(x) = -x**3 + 9*x**2 - 6*x + 7. What is the units digit of g(d)?
3
Let z(q) = -3*q**2 + 4. Let a be z(2). Let x = -8 - a. Suppose u + u - 24 = x. What is the tens digit of u?
1
Suppose 2*i - 2*j = 742, 5*i - 421 = 3*j + 1424. What is the units digit of i?
6
Let s = 1532 - 593. What is the tens digit of s?
3
Suppose 5 = z - 2*v - 6, 0 = 3*z + 4*v + 7. Suppose -111 - 81 = -z*d. What is the tens digit of d?
6
What is the hundreds digit of (18 + -32)/(6/(-183))?
4
Let g(t) = -t**2 - 10*t - 10. Let y be g(-9). What is the tens digit of (-360)/(-8) + (y + 2)*-1?
4
Suppose w - 2*t - 93 - 16 = 0, 5*t - 327 = -3*w. Let p = -50 + w. What is the tens digit of p?
5
Let g(j) = 10*j - 25. Let w(i) = 3*i - 8. Let n(r) = -2*g(r) + 7*w(r). Let l be n(5). What is the units digit of (-22)/l - (-3 + 1)?
4
Let b = 1631 - 647. What is the tens digit of b?
8
Let i be (2 - 4)*(-1 - 0). What is the units digit of 375/10*i - -4?
9
Suppose 2130 = -11*l + 17*l. What is the tens digit of l?
5
Let y(g) = 109*g - 70. What is the units digit of y(34)?
6
Suppose 515 = 4*m - 4*k - 681, 0 = 2*k + 8. What is the hundreds digit of m?
2
Let d = -221 + 329. Let s = d - 71. What is the tens digit of s?
3
Let c be 15/10*(-4)/(-3). Let v be 11/3 - c/3. Suppose -5 = v*o - 65. What is the units digit of o?
0
Suppose -2*g + c = -3*g - 3, 5*c + 35 = 5*g. Suppose -123 = -g*b - x, -4*x + 120 = 2*b - 0*x. What is the units digit of b?
2
What is the tens digit of (-7)/2 - 80865/(-30)?
9
Let t = 5 + 16. What is the tens digit of t/28 + (-301)/(-4)?
7
Let n(q) = -q**2 - 7*q + 3. Let r be n(-9). What is the tens digit of r/(-5) + 2/((-2)/(-221))?
2
Let i = -48 - -49. What is the units digit of (4/i)/(2/17)?
4
Let i = -110 + 154. Let o = -6 + i. Suppose -q + 22 = -o. What is the units digit of q?
0
Suppose -o + 513 = 5*y, 2*o - 1001 = -31*y + 26*y. What is the units digit of o?
8
Suppose -195536 = -23*z - 65*z. What is the tens digit of z?
2
Let n(p) = p**3 + 28*p**2 + 18*p - 23. Let w be n(-27). Suppose 3*r - 53 = w. What is the units digit of r?
1
Suppose -14*k + 5365 - 73 = 0. What is the hundreds digit of k?
3
Suppose 2*o - 2*c - c = 24, -o = 5*c - 12. Let u = 7 - 11. Let n = o - u. What is the tens digit of n?
1
Suppose 0 = 4*c + 5*w + 10, c - 4 + 14 = -5*w. Suppose c*y = -2*y + 16. What is the units digit of 6/y + (-122)/(-8)?
6
Let u be (-5)/((-26)/(-12) + -3). Suppose u*p - 124 = 104. What is the units digit of p?
8
Suppose 14*d - 15602 + 2190 = 0. What is the units digit of d?
8
Let j = -27 + 80. Let o be (1 - j)/(4/(-4)). Suppose -10 = -2*i, -3*f - i - i = -o. What is the units digit of f?
4
What is the tens digit of 6/(-48) - (11890/16)/(-1)?
4
Suppose 7*y - 2*y - 10 = 0. Let w(d) = 3*d**3 - 3*d + 2. What is the units digit of w(y)?
0
Suppose -m + 6*m = -65. Let r = m - -34. Suppose 0 = 5*d + 3*g - r, -2*d + g = -3 - 1. What is the units digit of d?
3
Let p = 2 - -16. Let q = -12 - -55. Let s = q - p. What is the tens digit of s?
2
Suppose -2*t - 7*t + 99 = 0. Suppose 6*r + 445 = t*r. What is the tens digit of r?
8
Let y = 19 - 19. Suppose -2*g + 2 = y, -5*d - 3*g + 177 = -3*d. What is the tens digit of d?
8
Let h(k) = 7*k - 3. Let j be h(5). Let y = 68 - j. What is the units digit of y?
6
Let g = 1539 + -1094. Suppose -3*h + 8*h - g = 0. What is the units digit of h?
9
Let p = 20 + 816. What is the hundreds digit of p?
8
Let b = 54 - 55. What is the tens digit of b/((-168)/(-169) - 1)?
6
Let u(v) = v - 2. Let p be u(-3). Let l be (-26 - p)*(0 + -5). Suppose 0 = 5*r - l - 70. What is the units digit of r?
5
Suppose 40509 = 50*b - 49191. What is the hundreds digit of b?
7
Let f be -4*(1 - 0)*395/(-20). Suppose -d + k - f = -3*d, 0 = -3*d - 2*k + 120. What is the units digit of d?
8
Let l(p) = -3*p**3 - 2*p**2 - 2. Let u be l(-2). Let n(o) = -18 - 5*o**2 - 1 - u*o - 3 + 4*o**2. What is the units digit of n(-12)?
2
Suppose l - 5*b = 4*l - 620, 4*l - 780 = 5*b. Let f = 426 - l. What is the hundreds digit of f?
2
What is the hundreds digit of 1931 - (-17 - -7 - -3)?
9
Suppose 8105 + 4839 = 16*y. What is the tens digit of y?
0
Suppose -2*h = h + 3*w - 39, -2*h + 21 = -3*w. Let k be 400/h + (-4)/(-6). Let p = k + -23. What is the tens digit of p?
1
Suppose 5*c + 20 = 5, 4*m + 4*c = -476. Let w = -59 - m. What is the tens digit of w?
5
Suppose 7*u + 607 - 2427 = 0. What is the tens digit of u?
6
Suppose 5*d = 37*d - 43328. What is the units digit of d?
4
Suppose 141 = 2*f - 215. What is the units digit of f?
8
Suppose -3*r - n + 2*n = -18, 5*n = -3*r. Suppose -r*z + 83 = 3*y, 0*z - 2*y - 46 = -3*z. What is the tens digit of z?
1
Let s = -20 + 44. What is the hundreds digit of 6/(-8) - (-4914)/s?
2
Suppose 120 = -5*a - 5*y, 3*y - 10 = 5*a + 142. Let h = 86 + a. What is the tens digit of h?
5
Suppose -5*a + 15140 = -10*v + 6*v, -3*v + 3047 = a. What is the thousands digit of a?
3
What is the hundreds digit of ((-301)/86)/((-246)/(-124) + -2)?
2
Suppose 4*q + p - 15361 = 0, 2*q + 19*p = 24*p + 7697. What is the thousands digit of q?
3
Let b(k) = 2046*k**2 + 8*k + 11. What is the thousands digit of b(-1)?
2
Let h be 2/4 - 111/(-6). Suppose 5*o - 4*i = h - 7, -2*i - 4 = -2*o. Suppose 4*q - o = 4*x + q, x + 5*q = 22. What is the units digit of x?
2
Suppose o = -6*o + 952. What is the units digit of o?
6
Let c be 1/(-4 + (-18)/(-4)). Suppose 0 = c*h + 6, 0*u + 4*h = u + 14. Let s = u - -80. What is the units digit of s?
4
Let f be (-96)/(-112)*(-7)/1. Let x(b) = b. Let o(r) = 7*r + 13. Let z(p) = o(p) - 6*x(p). What is the units digit of z(f)?
7
Let x = -5 - -7. Let y(g) = -g**3 - g**2 - g. Let s be y(0). Suppose s = 3*c - c - x. What is the units digit of c?
1
Let x(d) = -2*d**3 + 3*d**2 - 2. Let k be x(2). Let r be 40/16*k/3. What is the tens digit of 5/(r/4) - -16?
1
What is the hundreds digit of 2638/6 - (-6)/(-9)?
4
Suppose -227 + 3707 = 8*v. What is the tens digit of v?
3
Let m = 57 - -35. What is the units digit of m?
2
Let u = -141 + 266. Let a = u - 51. What is the tens digit of a?
7
Let x(t) = -t**2 + 22*t + 64. What is the units digit of x(15)?
9
Let p be (4/(-3))/((-4)/42). Suppose -s + 2*i = 9, 0*i = -4*s - 2*i + p. What is the units digit of s?
1
What is the thousands digit of (-240)/(-90)*(1612 + 2)?
4
Suppose -7629 + 25453 = 8*a. What is the hundreds digit of a?
2
Suppose -p - 8 = -2*r - 5, 2*p = -10. Let x(s) = s**2 + 3*s + 3. Let a be x(-3). What is the tens digit of a - r - 3 - -20?
2
Let b(x) = 6*x + 209. What is the units digit of b(30)?
9
Let v(q) = -3*q**3 - 7*q + 8*q - 3*q**2 - q**3 + 2*q. Let a be v(2). What is the units digit of 11/(-11)*a/1?
8
Suppose 107017 = 45*w - 16148. What is the tens digit of w?
3
Let u(z) = 22*z - 62. What is the hundreds digit of u(14)?
2
Let k = 115 - 113. Let j(t) = t**3 - 4*t**2 - 3*t - 6. Let s b